 + 11. Let v be (-2 + (-10)/(-4))*-10. Calculate the remainder when m(v) is divided by 11.
9
Suppose -3*u = -s + 17, -2*s + 16 + 22 = -2*u. Suppose -7*x = -3*x + s, -4*x - 480 = -5*p. Suppose 0*i + p = 4*i. What is the remainder when 44 is divided by i?
21
Suppose 0 = 3*n - 3*q - 15, 47 = 5*n + 3*q + 6. Let g be ((-2)/6)/((-9)/(-27)). What is the remainder when 3 + g + -1 + 40 is divided by n?
6
Suppose -4*l - 3*i + 19 = 0, -5*i - 2 + 7 = 0. Let k(v) = -v + 1. Let g be k(1). Suppose -5*a + 64 - 14 = g. What is the remainder when a is divided by l?
2
Let i(m) be the third derivative of -m**6/120 - m**5/6 - m**4/2 - m**3 - 10*m**2. Suppose -2*r + 164 = -0*r. Calculate the remainder when r is divided by i(-9).
19
Suppose -4*m + 96 = -4*v - 8, 2*m - 38 = -5*v. Let x = 41 - m. Calculate the remainder when 48 is divided by x.
14
Let v(p) = 3*p**2 - 2*p + 8. Let h be v(6). Let k = 158 - h. What is the remainder when k is divided by 8?
6
Let r(f) = 4*f**2 - 17*f - 10. Calculate the remainder when r(8) is divided by 29.
23
Let n be 14/5 - 16/(-80). Suppose -2*l = -l - 81. What is the remainder when l is divided by (-1 + 8)*(n + 0)?
18
Let f = 37 + -34. What is the remainder when f/(-1) - (-21 + 1) is divided by 5?
2
Let f(c) = 17*c**3 + c**2 + 21*c - 20. Calculate the remainder when 105 is divided by f(1).
10
Suppose -2*b + 6*b = -u + 34, 0 = -4*u + 3*b + 60. What is the remainder when 81 is divided by u?
9
Suppose -2*h = -4*j - 4, -2*h + j + 2 = -2*j. What is the remainder when 86 - (h/(-8))/((-4)/(-16)) is divided by 22?
19
Suppose -3*u - 1 = -5*i + 34, -5*i - 2*u + 10 = 0. Suppose 0 = 4*q + i, -o = -q - 93 + 22. What is the remainder when o is divided by 18?
16
Let j = 307 + -222. Calculate the remainder when j is divided by 30.
25
Let b(u) = 2*u - 34. Let i be b(15). Calculate the remainder when (1152/15)/i*-5 is divided by 25.
21
Let c = 849 + -796. What is the remainder when 159 is divided by c?
0
Suppose 0 = 4*a - 4*r - 40, -5*a + 4 = 2*r - 11. Suppose -a*d = 3*z - d - 16, 4*z + d = 30. Calculate the remainder when 36 is divided by z.
4
Suppose -5*u = -a + 446, -63*a + 439 = -62*a + 2*u. Calculate the remainder when a is divided by 131.
48
Suppose 0 = -5*w - 5*v + 425, 4*w - 306 = -2*v + 38. Suppose 3*j - 56 = -11. Calculate the remainder when w is divided by j.
12
Calculate the remainder when 8 is divided by (-126)/56*12/(-9).
2
Suppose -7 = 4*s - 23, s = 3*h - 101. Calculate the remainder when 207 is divided by h.
32
Suppose 183 = r + 2*r. Calculate the remainder when 608 is divided by r.
59
Let n(a) = a**3 - 41*a**2 + 116*a - 64. What is the remainder when 195 is divided by n(38)?
3
Let k = -2 + -31. Let t be (0 - k/6)*10. Suppose 5*d - t = 35. What is the remainder when 51 is divided by d?
15
Suppose 711*k - 357*k + 232 = 358*k. Calculate the remainder when k is divided by 98/8 - (-3)/(-12).
10
Suppose 0 = -3*j + 18*j - 750. What is the remainder when 295 is divided by j?
45
What is the remainder when (9 + (-3 - 3))/(2/128) is divided by 29?
18
Suppose 171 = 2*y - 3*w - 138, -5*w - 299 = -2*y. Suppose 0 = -3*p + 42 + y. Calculate the remainder when p is divided by 10.
8
Let s = -84 + 118. What is the remainder when 135 is divided by s?
33
Suppose -555*x + 546*x = -234. Calculate the remainder when 597 is divided by x.
25
Suppose 6*a - 81 = 3. Let n = 68 + -27. Calculate the remainder when n is divided by a.
13
Suppose 0 = 206*s - 199*s - 427. Calculate the remainder when s is divided by 36.
25
Suppose -46 = 5*i + 4*d - 3*d, -4*d = i - 6. Let t be -4*(i + 4)*-13. What is the remainder when 103 is divided by (3/(-6))/(6/t)?
25
Let t = -1055 + 1772. Calculate the remainder when t is divided by 24.
21
Calculate the remainder when 79 is divided by (-920)/(-140)*7/2.
10
Let b(r) = -2*r**3 - 41*r**2 + 19*r - 29. Suppose 2*w - 2*q = 12, -28 = -3*w - 0*w - 2*q. Calculate the remainder when 2/w*0 - -51 is divided by b(-21).
12
Suppose -28*y + 2790 = 1838. Calculate the remainder when y is divided by 21 - (1 - (-1 + 1)).
14
Let a(f) = f**3 - 7*f**2 - 4*f - 1. Let q be (16/6 + -2)*6. Suppose 2*b - 17 = -2*b + 5*r, 2*b = -q*r + 28. Calculate the remainder when a(b) is divided by 8.
7
Suppose -5*y + 2*y + 3*a = -3, -3*y = 5*a - 43. Suppose -o = -9 + y. Suppose b = o*b - 8. Calculate the remainder when 11 is divided by b.
3
Suppose q - 30 = -4*q + 5*h, 16 = 2*q - 4*h. What is the remainder when (26/39)/(1/39) is divided by q?
2
Let g(y) = -17*y + 3. What is the remainder when 30 is divided by g(-1)?
10
Let y(t) = -t**3 + 6*t**2 + 6*t + 14. Let f be y(7). Suppose -f*u + p - 6 = -9*u, u = -4*p - 4. Let h = 23 - 13. Calculate the remainder when h is divided by u.
2
Suppose 0 = 13*n - n + 648. Calculate the remainder when 6/27 - 1022*3/n is divided by 23.
11
Let a = 1360 + -1309. What is the remainder when 356 is divided by a?
50
Suppose -17*l = 5*w - 15*l - 195, -5*w = -4*l - 195. Calculate the remainder when 116 is divided by w.
38
Let n(u) = 44*u**2 + 165*u - 1. What is the remainder when n(-4) is divided by 16?
11
Suppose 24 = -3*h + 4*h. What is the remainder when h is divided by 3*((-2 - -9)*-2)/(-6)?
3
Let c be 0 - ((-9)/(-3) + -6). Suppose -2*p = -c*m + 3, 3*m - 11 + 2 = p. Suppose -o + p*o = 55. What is the remainder when 32 is divided by o?
10
Let z(l) = 2*l**2 + 8*l - 6. Let v be z(-5). Calculate the remainder when 48 is divided by (-100)/12*(v - 1)/(-1).
23
Let l = 15 + 10. Suppose c + l = 4*d, -4*c = 3*d - 0 - 14. Calculate the remainder when 6 is divided by d.
0
Let x = 463 + -180. What is the remainder when x is divided by 15?
13
Let b(z) = 28*z - z**2 - 10*z - 10*z - 8. What is the remainder when b(6) is divided by 2?
0
Suppose -2*k - 3*k - 4*u = 16, -3*k = 2*u + 8. Suppose k = -m + 7 - 3. Suppose -9*t + 225 = -m*t. What is the remainder when t is divided by 12?
9
Suppose -6*q - 1001 = q. Let h = q - -202. Calculate the remainder when h is divided by 15.
14
Let w be 3 - (-62)/(-2)*-1. Suppose 2*t - 4 = w. Calculate the remainder when 35 is divided by t.
16
Let v = -9 + 7. Let p be v - (-6 + 2 - 2). Suppose -p*k = j - 35 - 2, 0 = 3*k. Calculate the remainder when j is divided by 10.
7
Let u(r) = 4*r**2 + 114*r - 614. Let i(m) = -m + 12. Calculate the remainder when u(5) is divided by i(0).
8
Let r(b) = b**2 + 11*b - 25. Let a(q) = -3*q**2 - 22*q + 49. Let l(n) = -2*a(n) - 5*r(n). Calculate the remainder when l(11) is divided by 16.
11
Let q = 778 - 578. Calculate the remainder when q is divided by 51.
47
Suppose -2*a + 35 + 39 = 0. Suppose 2*k - 22 = -4*y, -4*k + 49 = -5*y + 8*y. What is the remainder when a is divided by k?
11
Let w(u) = u**3 + 8*u**2 + 6*u - 8. Let m be w(-7). Calculate the remainder when ((-86)/(-10))/(m/(-5)) is divided by 15.
13
Let o be (3 - 0) + 1/(-1). Suppose 3*z = 3*d - 12, -5*d = -z - o*z - 24. Calculate the remainder when d is divided by 4.
2
Let q(r) = 12*r**2 - 9*r + 18. Calculate the remainder when 1 - (-90 + 2 + -4) is divided by q(2).
45
Calculate the remainder when (-76)/2*540/(-135) is divided by 84.
68
Suppose -5 = 3*k + 7*d - 2*d, 3*k - 4*d - 4 = 0. Let i(l) = 2*l + 6 + k*l + 5. Calculate the remainder when 21 is divided by i(0).
10
Suppose -q + 67 = 21. What is the remainder when 89 is divided by q?
43
Suppose 3*l + 4*a - 57 = 110, 4*l - 4*a = 260. Let v = 1055 - 1048. Calculate the remainder when l is divided by v.
5
Suppose 6*k - 808 - 404 = 0. What is the remainder when k is divided by 41?
38
Let i = 9 + 4. Calculate the remainder when 57 + 1 + (-26)/i is divided by 16.
8
Let m = 137 - -40. Calculate the remainder when m is divided by 45.
42
Let h be 8/5 - (-6)/15. Suppose 2*v + 0*x + 2*x - 152 = 0, h*v - 2*x = 148. Let m = -1 - -20. Calculate the remainder when v is divided by m.
18
Let m = 2477 + -2323. Calculate the remainder when m is divided by 147.
7
Suppose -2*v + 6*v = -20. Let n(o) = -o**3 - 5*o**2 - 2*o - 6. Let s = -31 + 34. Calculate the remainder when n(v) is divided by s.
1
Suppose 3*s + 114 = -0*s. Let w be (-57)/s + 6/(-4). Suppose -2*l + g + g = -214, w = 5*l - 4*g - 535. Calculate the remainder when l is divided by 27.
26
Let q be (-9)/((-5)/(185/3)). Let j = q + -96. Calculate the remainder when j is divided by 4.
3
Let g(f) = -10 + 12 + 62*f + 5. Let n be g(3). Let r = n + -128. 